o + 2*c + 6. Let v(t) = 8*t**2 - 11*t + 11. Let q(i) = 3*i**2 - 4*i + 4. Let f(r) = 17*q(r) - 6*v(r). Give f(o).
10
Suppose 0 = 4*l - 3 - 13. Let i(g) = 2109 - g + 2*g - 2114. Determine i(l).
-1
Let n(o) = o**2 - 6*o + 14. Suppose 30 = -62*x + 67*x. Give n(x).
14
Let l(n) = 2*n + 3. Let c be l(26). Let u = -59 + c. Let t(x) = -x**3 - 5*x**2 - 3*x. Calculate t(u).
-4
Let c = 1044 + -1045. Let t(h) = 3*h. Calculate t(c).
-3
Let j(a) = -a**2 - 10*a - 17. Let o(d) = -1. Let i(k) = -j(k) - 4*o(k). Let x be i(-5). Let f(r) = -r**3 - 3*r**2 + 6*r + 3. What is f(x)?
-5
Suppose 0 = 5*z - 14 + 24. Let u be 1 - 1/(z + (-3 - -4)). Let g(y) = -y - 2. What is g(u)?
-4
Let m(q) = -q**2 + 10*q - 9. Let s be -1*((-3)/6)/((-4)/(-8)). Suppose 4*g + 2 + 6 = 0, -5*g = l + s. What is m(l)?
0
Let l(j) be the second derivative of -j**4/12 - j**3 + 3*j**2/2 + j. Let b = 500 + -507. Determine l(b).
-4
Let j(z) = -z**2 - 637*z - 2538. Let i be j(-4). Let x(q) be the third derivative of -q**4/12 - q**3/2 + q**2. What is x(i)?
9
Let b(y) be the third derivative of -1/15*y**5 + 12*y**2 - 1/24*y**4 + 1/120*y**6 + 0*y**3 + 0 + 0*y. Determine b(3).
-12
Suppose c + c + 6 = 0. Let d(a) = -11*a - 3. Let r be -1 - (-9)/6*-2. Let u(m) = -9*m - 2. Let w(t) = r*d(t) + 5*u(t). What is w(c)?
5
Let h(y) = -y**2 - y + 6. Let z = -2 - -1. Let a = z - 2. Let f be h(a). Let b(r) = -r**3 + r**2 - 8. Determine b(f).
-8
Let u(k) = -4*k - 2. Suppose -2 + 5 = 3*s. Let l be u(s). Let r(t) = t**2 + 6*t + 3. Calculate r(l).
3
Let t(i) = i**3 + 4*i**2 + i + 5. Let o be t(-4). Let v(u) = -54*u + 5. Let h(w) = -239*w + 22. Let d(j) = 2*h(j) - 9*v(j). What is d(o)?
7
Let k(j) = -j**3 + 5*j**2 + 6*j. Let w = 6 + 0. Let c be k(w). Let y(d) = c*d**3 + 5*d**2 - 7 - 8*d + 2*d**3 - 2*d**3 + d**3. Calculate y(-6).
5
Suppose 5*o + 33 = -3*w, -o = -w + 4*o - 31. Let d be w/3 - 2/3. Let l(z) be the first derivative of z**4/4 + 7*z**3/3 + 3*z**2 - 6*z + 179. Calculate l(d).
-6
Let p = 4 + -2. Let g be 5 - (0 + (-4)/p). Let f(b) = -b**3 + 9*b**2 + 4*b + 4. Let u(i) = 2*i**3 - 17*i**2 - 8*i - 9. Let w(n) = g*f(n) + 4*u(n). Give w(6).
4
Let j(p) = 13*p**2 - 3*p - 1. Let q(k) = -65*k**2 + 16*k + 6. Suppose 4*u - 8*u - 44 = 0. Let w(o) = u*j(o) - 2*q(o). Determine w(1).
-13
Let r(d) = 20*d**2 + d. Let h be r(1). Let k = h - 25. Let y(z) = -3*z - 5. Give y(k).
7
Let i = 60 + -5. Let b = 54 - i. Let n(a) be the third derivative of a**4/3 + a**2. Give n(b).
-8
Suppose 0 = 2*z + 10 - 18. Let j(d) = d**3 - 5*d**2 + 6*d - 3. Determine j(z).
5
Let g(v) be the first derivative of -v**2/2 + 4*v + 172. What is g(4)?
0
Let p = 24 + -22. Let u = -9 + p. Let m(g) = g**3 - 7*g**2 + g + 10. Let x(o) = 6*o**3 - 35*o**2 + 5*o + 51. Let j(h) = -11*m(h) + 2*x(h). Calculate j(u).
-1
Suppose -s = -5*z + 10 - 18, 5*z - 3*s = -14. Let p(r) = 21*r**2 + r - 3. Let f(i) = 64*i**2 + 4*i - 10. Let k(t) = -2*f(t) + 7*p(t). Calculate k(z).
19
Suppose -2*w + 4*z + 30 = 0, -2*z + 10 + 0 = 4*w. Let f(m) = -4*m**2 + 15*m - 6. Let k(q) = -7*q**2 + 28*q - 12. Let h(u) = -5*f(u) + 3*k(u). Give h(w).
14
Let n(d) = -3*d + 11. Let s(m) = -8*m + 30. Let k(u) = 14*n(u) - 5*s(u). Give k(3).
-2
Let t(l) = -2*l - 2. Suppose -s + 76 = 5*k, 4*k - 17 = 3*k - 2*s. Let c be 26/(-6) - 10/k. Let p(u) = 4*u + 4. Let r(v) = c*t(v) - 3*p(v). Determine r(-3).
4
Let q(s) = 1 - 4*s**2 - 3*s - 4*s**2 - 2 + s**2 + 2*s. What is q(-2)?
-27
Suppose 3*n - 16 = -2*g, 0 = -2*g + 6*n - n. Let t = 7 - g. Suppose t*r + 4 + 6 = 0. Let w(b) = -b**2 - 3*b + 5. Give w(r).
-5
Let p be 147/(-14) - (-9)/6. Let i be (0/(-2))/(-10 - p). Let k(u) = u - 11. Give k(i).
-11
Let a(x) = 14*x**3 + 18*x**2 - 18*x + 4. Let s(m) = 3*m**3 + 4*m**2 - 4*m + 1. Let k(q) = -2*a(q) + 9*s(q). Calculate k(-1).
2
Let o(t) be the third derivative of -t**6/120 - 2*t**5/15 + t**4/3 - t**3/3 - 110*t**2 - 2. Determine o(-9).
7
Let z(w) = 6*w + 1. Let u(y) = -7*y - 2. Let r(x) = -x**3 + 13*x**2 + x - 9. Let i be r(13). Let f(c) = i*z(c) + 3*u(c). Determine f(4).
10
Let w(i) = -9*i - 447. Let p be w(-49). Let s(x) be the third derivative of -x**6/120 - 7*x**5/60 - 3*x**4/8 - x**2. Give s(p).
18
Let l = 616 + -612. Let p(u) = 8*u - 9. Determine p(l).
23
Suppose 36 = 4*o + 4. Let x be 4/o*16 + -2. Let s(t) = 5*t**2 + t + 5. Let b(m) = m**2 - m + 1. Let i(q) = 6*b(q) - s(q). What is i(x)?
-5
Let i = 791 + -787. Let c(o) = 5*o - 8. What is c(i)?
12
Let m(v) = 2*v**2 - 14*v + 10. Let x(i) = i**2 - 7*i + 5. Let y(z) = -4*m(z) + 7*x(z). Suppose -46*b + 33 = -197. Calculate y(b).
5
Let j(b) = 6 - 7 - 191*b + 187*b. Calculate j(-8).
31
Let w(d) be the first derivative of 3*d**2 - 25 + 1/3*d**3 + d. Calculate w(-5).
-4
Suppose 3*u + 2*b + 14 = 0, -u = 3*u - 4*b - 8. Let w = 5 - u. Suppose -1 = 2*l - w. Let n(p) = p**3 - 3*p**2 + 2*p + 3. Determine n(l).
9
Let b = -320 - -315. Let m(y) = 4*y - 1 - 3*y - 1 + y. What is m(b)?
-12
Suppose -2*l = -37 + 37. Let w be -3 + l/(-1) - -4 - 8. Let k(m) = m**3 + 6*m**2 - 5*m + 10. Give k(w).
-4
Suppose -o + 1 = -3*j, 0*o + 2*j = 3*o - 3. Let d(s) = 22*s**2 - s. What is d(o)?
21
Suppose 3 = t + v, 2*t = 3*t - 5*v - 21. Let x be t*(-1 - 12/(-8)). Let q(a) = -6*a**3 - 1 + 12*a**3 - 5*a**x + 2*a**2 - 2*a. What is q(-3)?
-4
Let t(o) = -o**3 - 4*o**2 + 11*o - 17. Let q be t(-6). Let j(c) = c**3 + 11*c**2 - c + 3. Calculate j(q).
14
Let p(u) = u**3 - 2*u**2 - 4*u + 5. Suppose -82*t + 91*t - 36 = 0. What is p(t)?
21
Let u(p) = -15 - 3*p**2 + 7 + 8. Let s = 197 - 198. Determine u(s).
-3
Let t(o) = 2*o - 53. Let h be t(13). Let i = 33 + h. Let l(z) = -3*z + 8. Give l(i).
-10
Let h(r) be the third derivative of r**5/60 - r**4/8 + 2*r**3/3 - r**2 + 93. What is h(1)?
2
Let b(m) = -11*m**3 + 10*m**2 + 13*m + 17. Let o(t) = -2*t**3 + t**2 + 2. Let i(q) = b(q) - 5*o(q). Give i(7).
0
Let i(g) = -g**3 + 4*g**2 - 5*g + 6. Let f be i(3). Let k(z) = 2*z**2 + f*z - z**2 + 6 + 5*z + 4*z. Determine k(-6).
-12
Let g(h) be the second derivative of h**3/2 + 19*h**2/2 - 346*h. Calculate g(-9).
-8
Suppose 0 = -5*o + 2*z - 71, 3*o + 15 + 32 = -z. Let q(f) = -f**2 - 15*f - 6. What is q(o)?
-6
Let l(t) = -11 + 19 - 9. Let j(d) = -d + 1. Let r = 7 + -10. Let o(b) = r*l(b) - 2*j(b). Calculate o(3).
7
Suppose 0 = -7*o + 14*o - 35. Let a be ((-2)/(-6))/((-1)/(-6)). Suppose -o*h - a = 3. Let d(s) = -4*s**2 - s - 1. What is d(h)?
-4
Suppose 3*n + 16 = 2*p, -5*p + 4*n + 18 = 2*n. Let l(m) = -4*m - 1 - 3 - m**p + m. Calculate l(-3).
-4
Let s(o) = 581*o - 190*o - 11*o**2 - 191*o + 1 - 188*o - o**3 + 4. Calculate s(-12).
5
Let f be (-15)/2 + (-55)/(-22). Let v(a) = -2*a - 8. Give v(f).
2
Let u(r) = r**3 + 5*r**2 + 2*r - 5. Let z = 47 - 51. Give u(z).
3
Let f be 7*14/7 + -7. Let u(t) = t**2 - 4*t + 2. Give u(f).
23
Let n be 0 + (17 - 3) + -3. Let w be (-2 + n)*(1 - 0). Let y(g) = -g**3 + 8*g**2 + 9*g - 4. Determine y(w).
-4
Let p(i) be the second derivative of i**3/6 - 10*i**2 + 943*i. Determine p(7).
-13
Let x(a) be the second derivative of a**4/12 + 4*a**3/3 - 4*a**2 - 4*a. Suppose -5*q + 91 = -3*f, -3*q = -0*q - f - 53. Suppose 1 = 2*g + q. What is x(g)?
-8
Let r(n) be the first derivative of -n**4/4 - 5*n**3/3 - n**2 + 2. Let x be 536/10 - 4/(-10). Let o = 50 - x. Give r(o).
-8
Let p(v) be the second derivative of 6*v - 1/3*v**3 + 0 - 1/2*v**2 + 0*v**4 + 3/10*v**5. Calculate p(-1).
-5
Let t(m) = -m**3 - 21 - m + 17 - 6*m**2 + 0*m**3. Let a = 0 + -3. Let u = -9 - a. Determine t(u).
2
Let u(g) = -4*g + 11. Suppose -y - 58 = 3*d - 26, -3*d = -4*y + 22. Calculate u(d).
51
Let t(j) = j**3 - 8*j**2 + 5*j - 12. Let a(s) = s**3 - s**2 - s - 1. Let v(z) = 2*a(z) - t(z). Suppose -30*w - 25*w - 329 = -8*w. What is v(w)?
10
Let p(w) = w**3 - 11*w**2 - 10*w - 8. Let q be p(12). Let j(r) = -r**3 + 17*r**2 - 15*r - 5. Give j(q).
11
Suppose -46*o + 45*o = -2*j + 14, -2*o + 3*j - 24 = 0. Let w(q) = q**2 + 6*q - 2. What is w(o)?
-2
Let j(a) be the first derivative of -a**3/3 - 8. Let d(n) = -2*n - 2. Let m(i) = -d(i) + j(i). Give m(4).
-6
Let n be (-2)/(-3) - (-2)/6. Let r(x) be the first derivative of -1/3*x**3 - 11 - 1/2*x**2 + 3*x**4 + x. What is r(n)?
11
Let k(y) = -2*y - 3 + 2 + 0 + 8. Let s be k(3). Let f(w) be the third derivative of -w**6/24 + w**5/60 - w**3/6 + w**2. Give f(s).
-5
Let q(p) be the second derivative of 0 - 2*p**2 + 1/3